{"version":"1.0","provider_name":"LOC-MTC","provider_url":"https:\/\/sites.ecclesia.pt\/loc-mtc","title":"Entrevista aos Coordenadores Diocesanos da LOC\/MTC - LOC-MTC","type":"rich","width":600,"height":338,"html":"<blockquote class=\"wp-embedded-content\" data-secret=\"eC97Aec0nv\"><a href=\"https:\/\/sites.ecclesia.pt\/loc-mtc\/entrevista-aos-coordenadores-diocesanos-da-loc-mtc\/\">Entrevista aos Coordenadores Diocesanos da LOC\/MTC<\/a><\/blockquote><iframe sandbox=\"allow-scripts\" security=\"restricted\" src=\"https:\/\/sites.ecclesia.pt\/loc-mtc\/entrevista-aos-coordenadores-diocesanos-da-loc-mtc\/embed\/#?secret=eC97Aec0nv\" width=\"600\" height=\"338\" title=\"&#8220;Entrevista aos Coordenadores Diocesanos da LOC\/MTC&#8221; &#8212; LOC-MTC\" data-secret=\"eC97Aec0nv\" frameborder=\"0\" marginwidth=\"0\" marginheight=\"0\" scrolling=\"no\" class=\"wp-embedded-content\"><\/iframe><script type=\"text\/javascript\">\n\/* <![CDATA[ *\/\n\/*! This file is auto-generated *\/\n!function(d,l){\"use strict\";l.querySelector&&d.addEventListener&&\"undefined\"!=typeof URL&&(d.wp=d.wp||{},d.wp.receiveEmbedMessage||(d.wp.receiveEmbedMessage=function(e){var t=e.data;if((t||t.secret||t.message||t.value)&&!\/[^a-zA-Z0-9]\/.test(t.secret)){for(var s,r,n,a=l.querySelectorAll('iframe[data-secret=\"'+t.secret+'\"]'),o=l.querySelectorAll('blockquote[data-secret=\"'+t.secret+'\"]'),c=new RegExp(\"^https?:$\",\"i\"),i=0;i<o.length;i++)o[i].style.display=\"none\";for(i=0;i<a.length;i++)s=a[i],e.source===s.contentWindow&&(s.removeAttribute(\"style\"),\"height\"===t.message?(1e3<(r=parseInt(t.value,10))?r=1e3:~~r<200&&(r=200),s.height=r):\"link\"===t.message&&(r=new URL(s.getAttribute(\"src\")),n=new URL(t.value),c.test(n.protocol))&&n.host===r.host&&l.activeElement===s&&(d.top.location.href=t.value))}},d.addEventListener(\"message\",d.wp.receiveEmbedMessage,!1),l.addEventListener(\"DOMContentLoaded\",function(){for(var e,t,s=l.querySelectorAll(\"iframe.wp-embedded-content\"),r=0;r<s.length;r++)(t=(e=s[r]).getAttribute(\"data-secret\"))||(t=Math.random().toString(36).substring(2,12),e.src+=\"#?secret=\"+t,e.setAttribute(\"data-secret\",t)),e.contentWindow.postMessage({message:\"ready\",secret:t},\"*\")},!1)))}(window,document);\n\/\/# sourceURL=https:\/\/sites.ecclesia.pt\/loc-mtc\/wp-includes\/js\/wp-embed.min.js\n\/* ]]> *\/\n<\/script>\n","thumbnail_url":"https:\/\/sites.ecclesia.pt\/loc-mtc\/wp-content\/uploads\/2020\/05\/Entrevista-Coordenadores-Porto.jpg","thumbnail_width":778,"thumbnail_height":513,"description":"\u00c9 tempo de conversarmos, dentro das condi\u00e7\u00f5es poss\u00edveis, as limita\u00e7\u00f5es e cuidados que o novo coronav\u00edrus exige. E lembrem-se que enquanto isto durar n\u00e3o admite descuidos, cada atitude, cada contacto, exige responsabilidade. E como diz o outro se a vida nos d\u00e1 um lim\u00e3o, fa\u00e7amos uma limonada. Temos uma experi\u00eancia de milit\u00e2ncia de muita responsabilidade e ent\u00e3o vamos tamb\u00e9m aplicar essa experi\u00eancia para o cuidado da nossa vida e de todos aqueles com que nos ligamos. Hoje envio uma experi\u00eancia que queremos partilhar com o m\u00e1ximo poss\u00edvel de militantes e amigos do movimento. Queremos chegar a todas as dioceses, seus coordenadores e iniciamos pelos Coordenadores da Diocese do Porto. \u00c9 nestes tempos que se preparam os caminhos do futuro. Conhecer-nos melhor \u00e9 tamb\u00e9m confiar mais uns nos outros. Brevemente, coordenadores de outra diocese receberam o convite para responder \u00e0 nossa entrevista. Boas leituras, boa divulga\u00e7\u00e3o pelos militantes e amigos da LOC\/MTC de Portugal e arredores. Abra\u00e7o e muita sa\u00fade."}

É tempo de conversarmos, dentro das condições possíveis, as limitações e cuidados que o novo coronavírus exige. E lembrem-se que enquanto isto durar não admite descuidos, cada atitude, cada contacto, exige responsabilidade. E como diz o outro se a vida nos dá um limão, façamos uma limonada. Temos uma experiência de militância de muita responsabilidade e então vamos também aplicar essa experiência para o cuidado da nossa vida e de todos aqueles com que nos ligamos. Hoje envio uma experiência que queremos partilhar com o máximo possível de militantes e amigos do movimento. Queremos chegar a todas as dioceses, seus coordenadores e iniciamos pelos Coordenadores da Diocese do Porto. É nestes tempos que se preparam os caminhos do futuro. Conhecer-nos melhor é também confiar mais uns nos outros. Brevemente, coordenadores de outra diocese receberam o convite para responder à nossa entrevista. Boas leituras, boa divulgação pelos militantes e amigos da LOC/MTC de Portugal e arredores. Abraço e muita saúde.
