{"id":96,"date":"2020-01-03T12:12:11","date_gmt":"2020-01-03T12:12:11","guid":{"rendered":"http:\/\/sites.ecclesia.pt\/maac\/?page_id=96"},"modified":"2020-01-03T15:49:49","modified_gmt":"2020-01-03T15:49:49","slug":"entrada","status":"publish","type":"page","link":"https:\/\/sites.ecclesia.pt\/maac\/","title":{"rendered":"#entrada"},"content":{"rendered":"<p>[et_pb_section bb_built=&#8221;1&#8243; fullwidth=&#8221;on&#8221; specialty=&#8221;off&#8221; next_background_color=&#8221;#000000&#8243; inner_width=&#8221;auto&#8221; inner_max_width=&#8221;1280px&#8221;][et_pb_fullwidth_code _builder_version=&#8221;4.0.11&#8243; z_index_tablet=&#8221;500&#8243;]<div id=\"metaslider-id-114\" style=\"width: 100%;\" class=\"ml-slider-3-108-0 metaslider metaslider-nivo metaslider-114 ml-slider ms-theme-default\" role=\"region\" aria-label=\"entrada\" data-height=\"600\" data-width=\"1900\">\n    <div id=\"metaslider_container_114\">\n        <div class='slider-wrapper theme-default'><div class='ribbon'><\/div><div id='metaslider_114' class='nivoSlider'><img loading=\"lazy\" decoding=\"async\" src=\"https:\/\/sites.ecclesia.pt\/maac\/wp-content\/uploads\/2020\/01\/banner44.jpg\" height=\"600\" width=\"1900\" title=\"banner44\" alt=\"\" class=\"slider-114 slide-125 msDefaultImage\" \/><img loading=\"lazy\" decoding=\"async\" src=\"https:\/\/sites.ecclesia.pt\/maac\/wp-content\/uploads\/2020\/01\/banner55.jpg\" height=\"600\" width=\"1900\" title=\"banner55\" alt=\"\" class=\"slider-114 slide-126 msDefaultImage\" \/><img loading=\"lazy\" decoding=\"async\" src=\"https:\/\/sites.ecclesia.pt\/maac\/wp-content\/uploads\/2020\/01\/banner66.jpg\" height=\"600\" width=\"1900\" title=\"banner66\" alt=\"\" class=\"slider-114 slide-127 msDefaultImage\" \/><img loading=\"lazy\" decoding=\"async\" src=\"https:\/\/sites.ecclesia.pt\/maac\/wp-content\/uploads\/2020\/01\/banner77.jpg\" height=\"600\" width=\"1900\" title=\"banner77\" alt=\"\" class=\"slider-114 slide-128 msDefaultImage\" \/><img loading=\"lazy\" decoding=\"async\" src=\"https:\/\/sites.ecclesia.pt\/maac\/wp-content\/uploads\/2020\/01\/banner88.jpg\" height=\"600\" width=\"1900\" title=\"banner88\" alt=\"\" class=\"slider-114 slide-129 msDefaultImage\" \/><img loading=\"lazy\" decoding=\"async\" src=\"https:\/\/sites.ecclesia.pt\/maac\/wp-content\/uploads\/2020\/01\/banner99.jpg\" height=\"600\" width=\"1900\" title=\"banner99\" alt=\"\" class=\"slider-114 slide-130 msDefaultImage\" \/><img loading=\"lazy\" decoding=\"async\" src=\"https:\/\/sites.ecclesia.pt\/maac\/wp-content\/uploads\/2020\/01\/banner1010.jpg\" height=\"600\" width=\"1900\" title=\"banner1010\" alt=\"\" class=\"slider-114 slide-131 msDefaultImage\" \/><img loading=\"lazy\" decoding=\"async\" src=\"https:\/\/sites.ecclesia.pt\/maac\/wp-content\/uploads\/2020\/01\/banner11.jpg\" height=\"600\" width=\"1900\" title=\"banner11\" alt=\"\" class=\"slider-114 slide-132 msDefaultImage\" \/><img loading=\"lazy\" decoding=\"async\" src=\"https:\/\/sites.ecclesia.pt\/maac\/wp-content\/uploads\/2020\/01\/banner22.jpg\" height=\"600\" width=\"1900\" title=\"banner22\" alt=\"\" class=\"slider-114 slide-133 msDefaultImage\" \/><img loading=\"lazy\" decoding=\"async\" src=\"https:\/\/sites.ecclesia.pt\/maac\/wp-content\/uploads\/2020\/01\/banner33.jpg\" height=\"600\" width=\"1900\" title=\"banner33\" alt=\"\" class=\"slider-114 slide-134 msDefaultImage\" \/><\/div><\/div>\n        \n    <\/div>\n<\/div>[\/et_pb_fullwidth_code][\/et_pb_section][et_pb_section bb_built=&#8221;1&#8243; _builder_version=&#8221;3.22&#8243; prev_background_color=&#8221;#000000&#8243;][et_pb_row _builder_version=&#8221;3.25&#8243; background_size=&#8221;initial&#8221; background_position=&#8221;top_left&#8221; background_repeat=&#8221;repeat&#8221;][et_pb_column type=&#8221;4_4&#8243; _builder_version=&#8221;3.25&#8243; custom_padding=&#8221;|||&#8221; custom_padding__hover=&#8221;|||&#8221;][et_pb_code admin_label=&#8221;ultimas&#8221; _builder_version=&#8221;4.0.11&#8243; z_index_tablet=&#8221;500&#8243;]<div class=\"pt-cv-wrapper et_smooth_scroll_disabled\"><div class=\"pt-cv-view pt-cv-grid pt-cv-colsys\" id=\"pt-cv-view-7416683q53\"><div data-id=\"pt-cv-page-1\" class=\"pt-cv-page\" data-cvc=\"3\"><div class=\"col-md-4 col-sm-6 col-xs-12 pt-cv-content-item pt-cv-1-col\" ><div class='pt-cv-ifield'><a href=\"https:\/\/sites.ecclesia.pt\/maac\/2023\/11\/06\/vaticano-jovem-portugues-tomas-adrego-participa-em-encontro-mundial-com-o-papa\/\" class=\"_self pt-cv-href-thumbnail pt-cv-thumb-default\" target=\"_self\" ><img loading=\"lazy\" decoding=\"async\" width=\"400\" height=\"284\" src=\"https:\/\/sites.ecclesia.pt\/maac\/wp-content\/uploads\/2023\/11\/Tomas-vaticano-400x284.jpg\" class=\"pt-cv-thumbnail\" alt=\"\" \/><\/a>\n<h4 class=\"pt-cv-title\"><a href=\"https:\/\/sites.ecclesia.pt\/maac\/2023\/11\/06\/vaticano-jovem-portugues-tomas-adrego-participa-em-encontro-mundial-com-o-papa\/\" class=\"_self\" target=\"_self\" >Vaticano: Jovem portugu\u00eas Tom\u00e1s Adrego participa em encontro mundial com o Papa<\/a><\/h4><\/div><\/div>\n<div class=\"col-md-4 col-sm-6 col-xs-12 pt-cv-content-item pt-cv-1-col\" ><div class='pt-cv-ifield'><a href=\"https:\/\/sites.ecclesia.pt\/maac\/2023\/11\/06\/tomas-adrego-de-12-anos-e-escolhido-para-conhecer-o-papa-francisco-num-encontro-de-criancas-no-vaticano\/\" class=\"_self pt-cv-href-thumbnail pt-cv-thumb-default\" target=\"_self\" ><img loading=\"lazy\" decoding=\"async\" width=\"400\" height=\"284\" src=\"https:\/\/sites.ecclesia.pt\/maac\/wp-content\/uploads\/2023\/11\/Tomas-Adrego-400x284.jpg\" class=\"pt-cv-thumbnail\" alt=\"\" \/><\/a>\n<h4 class=\"pt-cv-title\"><a href=\"https:\/\/sites.ecclesia.pt\/maac\/2023\/11\/06\/tomas-adrego-de-12-anos-e-escolhido-para-conhecer-o-papa-francisco-num-encontro-de-criancas-no-vaticano\/\" class=\"_self\" target=\"_self\" >Tom\u00e1s Adrego de 12 anos \u00e9 escolhido para conhecer o Papa Francisco num encontro de crian\u00e7as no Vaticano<\/a><\/h4><\/div><\/div>\n<div class=\"col-md-4 col-sm-6 col-xs-12 pt-cv-content-item pt-cv-1-col\" ><div class='pt-cv-ifield'><a href=\"https:\/\/sites.ecclesia.pt\/maac\/2020\/12\/08\/xvii-assembleia-nacional-maac\/\" class=\"_self pt-cv-href-thumbnail pt-cv-thumb-default\" target=\"_self\" ><img loading=\"lazy\" decoding=\"async\" width=\"400\" height=\"284\" src=\"https:\/\/sites.ecclesia.pt\/maac\/wp-content\/uploads\/2020\/12\/AssNacMAAC-2020-400x284.jpg\" class=\"pt-cv-thumbnail\" alt=\"\" \/><\/a>\n<h4 class=\"pt-cv-title\"><a href=\"https:\/\/sites.ecclesia.pt\/maac\/2020\/12\/08\/xvii-assembleia-nacional-maac\/\" class=\"_self\" target=\"_self\" >XVII Assembleia Nacional MAAC<\/a><\/h4><\/div><\/div><\/div><\/div><\/div>[\/et_pb_code][\/et_pb_column][\/et_pb_row][\/et_pb_section]<\/p>\n","protected":false},"excerpt":{"rendered":"<p><div id=\"metaslider-id-114\" style=\"width: 100%;\" class=\"ml-slider-3-108-0 metaslider metaslider-nivo metaslider-114 ml-slider ms-theme-default\" role=\"region\" aria-label=\"entrada\" data-height=\"600\" data-width=\"1900\">\n    <div id=\"metaslider_container_114\">\n        <div class='slider-wrapper theme-default'><div class='ribbon'><\/div><div id='metaslider_114' class='nivoSlider'><img loading=\"lazy\" decoding=\"async\" src=\"https:\/\/sites.ecclesia.pt\/maac\/wp-content\/uploads\/2020\/01\/banner44.jpg\" height=\"600\" width=\"1900\" title=\"banner44\" alt=\"\" class=\"slider-114 slide-125 msDefaultImage\" \/><img loading=\"lazy\" decoding=\"async\" src=\"https:\/\/sites.ecclesia.pt\/maac\/wp-content\/uploads\/2020\/01\/banner55.jpg\" height=\"600\" width=\"1900\" title=\"banner55\" alt=\"\" class=\"slider-114 slide-126 msDefaultImage\" \/><img loading=\"lazy\" decoding=\"async\" src=\"https:\/\/sites.ecclesia.pt\/maac\/wp-content\/uploads\/2020\/01\/banner66.jpg\" height=\"600\" width=\"1900\" title=\"banner66\" alt=\"\" class=\"slider-114 slide-127 msDefaultImage\" \/><img loading=\"lazy\" decoding=\"async\" src=\"https:\/\/sites.ecclesia.pt\/maac\/wp-content\/uploads\/2020\/01\/banner77.jpg\" height=\"600\" width=\"1900\" title=\"banner77\" alt=\"\" class=\"slider-114 slide-128 msDefaultImage\" \/><img loading=\"lazy\" decoding=\"async\" src=\"https:\/\/sites.ecclesia.pt\/maac\/wp-content\/uploads\/2020\/01\/banner88.jpg\" height=\"600\" width=\"1900\" title=\"banner88\" alt=\"\" class=\"slider-114 slide-129 msDefaultImage\" \/><img loading=\"lazy\" decoding=\"async\" src=\"https:\/\/sites.ecclesia.pt\/maac\/wp-content\/uploads\/2020\/01\/banner99.jpg\" height=\"600\" width=\"1900\" title=\"banner99\" alt=\"\" class=\"slider-114 slide-130 msDefaultImage\" \/><img loading=\"lazy\" decoding=\"async\" src=\"https:\/\/sites.ecclesia.pt\/maac\/wp-content\/uploads\/2020\/01\/banner1010.jpg\" height=\"600\" width=\"1900\" title=\"banner1010\" alt=\"\" class=\"slider-114 slide-131 msDefaultImage\" \/><img loading=\"lazy\" decoding=\"async\" src=\"https:\/\/sites.ecclesia.pt\/maac\/wp-content\/uploads\/2020\/01\/banner11.jpg\" height=\"600\" width=\"1900\" title=\"banner11\" alt=\"\" class=\"slider-114 slide-132 msDefaultImage\" \/><img loading=\"lazy\" decoding=\"async\" src=\"https:\/\/sites.ecclesia.pt\/maac\/wp-content\/uploads\/2020\/01\/banner22.jpg\" height=\"600\" width=\"1900\" title=\"banner22\" alt=\"\" class=\"slider-114 slide-133 msDefaultImage\" \/><img loading=\"lazy\" decoding=\"async\" src=\"https:\/\/sites.ecclesia.pt\/maac\/wp-content\/uploads\/2020\/01\/banner33.jpg\" height=\"600\" width=\"1900\" title=\"banner33\" alt=\"\" class=\"slider-114 slide-134 msDefaultImage\" \/><\/div><\/div>\n        \n    <\/div>\n<\/div><div class=\"pt-cv-wrapper et_smooth_scroll_disabled\"><div class=\"pt-cv-view pt-cv-grid pt-cv-colsys\" id=\"pt-cv-view-7416683q53\"><div data-id=\"pt-cv-page-1\" class=\"pt-cv-page\" data-cvc=\"3\"><div class=\"col-md-4 col-sm-6 col-xs-12 pt-cv-content-item pt-cv-1-col\" ><div class='pt-cv-ifield'><a href=\"https:\/\/sites.ecclesia.pt\/maac\/2023\/11\/06\/vaticano-jovem-portugues-tomas-adrego-participa-em-encontro-mundial-com-o-papa\/\" class=\"_self pt-cv-href-thumbnail pt-cv-thumb-default\" target=\"_self\" ><img width=\"400\" height=\"284\" src=\"https:\/\/sites.ecclesia.pt\/maac\/wp-content\/uploads\/2023\/11\/Tomas-vaticano-400x284.jpg\" class=\"pt-cv-thumbnail\" alt=\"\" decoding=\"async\" loading=\"lazy\" \/><\/a>\n<h4 class=\"pt-cv-title\"><a href=\"https:\/\/sites.ecclesia.pt\/maac\/2023\/11\/06\/vaticano-jovem-portugues-tomas-adrego-participa-em-encontro-mundial-com-o-papa\/\" class=\"_self\" target=\"_self\" >Vaticano: Jovem portugu\u00eas Tom\u00e1s Adrego participa em encontro mundial com o Papa<\/a><\/h4><\/div><\/div>\n<div class=\"col-md-4 col-sm-6 col-xs-12 pt-cv-content-item pt-cv-1-col\" ><div class='pt-cv-ifield'><a href=\"https:\/\/sites.ecclesia.pt\/maac\/2023\/11\/06\/tomas-adrego-de-12-anos-e-escolhido-para-conhecer-o-papa-francisco-num-encontro-de-criancas-no-vaticano\/\" class=\"_self pt-cv-href-thumbnail pt-cv-thumb-default\" target=\"_self\" ><img width=\"400\" height=\"284\" src=\"https:\/\/sites.ecclesia.pt\/maac\/wp-content\/uploads\/2023\/11\/Tomas-Adrego-400x284.jpg\" class=\"pt-cv-thumbnail\" alt=\"\" decoding=\"async\" loading=\"lazy\" \/><\/a>\n<h4 class=\"pt-cv-title\"><a href=\"https:\/\/sites.ecclesia.pt\/maac\/2023\/11\/06\/tomas-adrego-de-12-anos-e-escolhido-para-conhecer-o-papa-francisco-num-encontro-de-criancas-no-vaticano\/\" class=\"_self\" target=\"_self\" >Tom\u00e1s Adrego de 12 anos \u00e9 escolhido para conhecer o Papa Francisco num encontro de crian\u00e7as no Vaticano<\/a><\/h4><\/div><\/div>\n<div class=\"col-md-4 col-sm-6 col-xs-12 pt-cv-content-item pt-cv-1-col\" ><div class='pt-cv-ifield'><a href=\"https:\/\/sites.ecclesia.pt\/maac\/2020\/12\/08\/xvii-assembleia-nacional-maac\/\" class=\"_self pt-cv-href-thumbnail pt-cv-thumb-default\" target=\"_self\" ><img width=\"400\" height=\"284\" src=\"https:\/\/sites.ecclesia.pt\/maac\/wp-content\/uploads\/2020\/12\/AssNacMAAC-2020-400x284.jpg\" class=\"pt-cv-thumbnail\" alt=\"\" decoding=\"async\" loading=\"lazy\" \/><\/a>\n<h4 class=\"pt-cv-title\"><a href=\"https:\/\/sites.ecclesia.pt\/maac\/2020\/12\/08\/xvii-assembleia-nacional-maac\/\" class=\"_self\" target=\"_self\" >XVII Assembleia Nacional MAAC<\/a><\/h4><\/div><\/div><\/div><\/div><\/div><\/p>\n","protected":false},"author":1,"featured_media":0,"parent":0,"menu_order":0,"comment_status":"closed","ping_status":"closed","template":"","meta":{"_et_pb_use_builder":"on","_et_pb_old_content":"","_et_gb_content_width":"","footnotes":""},"class_list":["post-96","page","type-page","status-publish","hentry"],"_links":{"self":[{"href":"https:\/\/sites.ecclesia.pt\/maac\/wp-json\/wp\/v2\/pages\/96","targetHints":{"allow":["GET"]}}],"collection":[{"href":"https:\/\/sites.ecclesia.pt\/maac\/wp-json\/wp\/v2\/pages"}],"about":[{"href":"https:\/\/sites.ecclesia.pt\/maac\/wp-json\/wp\/v2\/types\/page"}],"author":[{"embeddable":true,"href":"https:\/\/sites.ecclesia.pt\/maac\/wp-json\/wp\/v2\/users\/1"}],"replies":[{"embeddable":true,"href":"https:\/\/sites.ecclesia.pt\/maac\/wp-json\/wp\/v2\/comments?post=96"}],"version-history":[{"count":7,"href":"https:\/\/sites.ecclesia.pt\/maac\/wp-json\/wp\/v2\/pages\/96\/revisions"}],"predecessor-version":[{"id":141,"href":"https:\/\/sites.ecclesia.pt\/maac\/wp-json\/wp\/v2\/pages\/96\/revisions\/141"}],"wp:attachment":[{"href":"https:\/\/sites.ecclesia.pt\/maac\/wp-json\/wp\/v2\/media?parent=96"}],"curies":[{"name":"wp","href":"https:\/\/api.w.org\/{rel}","templated":true}]}}

<p>[et_pb_section bb_built=&#8221;1&#8243; fullwidth=&#8221;on&#8221; specialty=&#8221;off&#8221; next_background_color=&#8221;#000000&#8243; inner_width=&#8221;auto&#8221; inner_max_width=&#8221;1280px&#8221;][et_pb_fullwidth_code _builder_version=&#8221;4.0.11&#8243; z_index_tablet=&#8221;500&#8243;]<div id="metaslider-id-114" style="width: 100%;" class="ml-slider-3-108-0 metaslider metaslider-nivo metaslider-114 ml-slider ms-theme-default" role="region" aria-label="entrada" data-height="600" data-width="1900">
    <div id="metaslider_container_114">
        <div class='slider-wrapper theme-default'><div class='ribbon'></div><div id='metaslider_114' class='nivoSlider'><img loading="lazy" decoding="async" src="https://sites.ecclesia.pt/maac/wp-content/uploads/2020/01/banner44.jpg" height="600" width="1900" title="banner44" alt="" class="slider-114 slide-125 msDefaultImage" /><img loading="lazy" decoding="async" src="https://sites.ecclesia.pt/maac/wp-content/uploads/2020/01/banner55.jpg" height="600" width="1900" title="banner55" alt="" class="slider-114 slide-126 msDefaultImage" /><img loading="lazy" decoding="async" src="https://sites.ecclesia.pt/maac/wp-content/uploads/2020/01/banner66.jpg" height="600" width="1900" title="banner66" alt="" class="slider-114 slide-127 msDefaultImage" /><img loading="lazy" decoding="async" src="https://sites.ecclesia.pt/maac/wp-content/uploads/2020/01/banner77.jpg" height="600" width="1900" title="banner77" alt="" class="slider-114 slide-128 msDefaultImage" /><img loading="lazy" decoding="async" src="https://sites.ecclesia.pt/maac/wp-content/uploads/2020/01/banner88.jpg" height="600" width="1900" title="banner88" alt="" class="slider-114 slide-129 msDefaultImage" /><img loading="lazy" decoding="async" src="https://sites.ecclesia.pt/maac/wp-content/uploads/2020/01/banner99.jpg" height="600" width="1900" title="banner99" alt="" class="slider-114 slide-130 msDefaultImage" /><img loading="lazy" decoding="async" src="https://sites.ecclesia.pt/maac/wp-content/uploads/2020/01/banner1010.jpg" height="600" width="1900" title="banner1010" alt="" class="slider-114 slide-131 msDefaultImage" /><img loading="lazy" decoding="async" src="https://sites.ecclesia.pt/maac/wp-content/uploads/2020/01/banner11.jpg" height="600" width="1900" title="banner11" alt="" class="slider-114 slide-132 msDefaultImage" /><img loading="lazy" decoding="async" src="https://sites.ecclesia.pt/maac/wp-content/uploads/2020/01/banner22.jpg" height="600" width="1900" title="banner22" alt="" class="slider-114 slide-133 msDefaultImage" /><img loading="lazy" decoding="async" src="https://sites.ecclesia.pt/maac/wp-content/uploads/2020/01/banner33.jpg" height="600" width="1900" title="banner33" alt="" class="slider-114 slide-134 msDefaultImage" /></div></div>
        
    </div>
</div>[/et_pb_fullwidth_code][/et_pb_section][et_pb_section bb_built=&#8221;1&#8243; _builder_version=&#8221;3.22&#8243; prev_background_color=&#8221;#000000&#8243;][et_pb_row _builder_version=&#8221;3.25&#8243; background_size=&#8221;initial&#8221; background_position=&#8221;top_left&#8221; background_repeat=&#8221;repeat&#8221;][et_pb_column type=&#8221;4_4&#8243; _builder_version=&#8221;3.25&#8243; custom_padding=&#8221;|||&#8221; custom_padding__hover=&#8221;|||&#8221;][et_pb_code admin_label=&#8221;ultimas&#8221; _builder_version=&#8221;4.0.11&#8243; z_index_tablet=&#8221;500&#8243;]<div class="pt-cv-wrapper et_smooth_scroll_disabled"><div class="pt-cv-view pt-cv-grid pt-cv-colsys" id="pt-cv-view-7416683q53"><div data-id="pt-cv-page-1" class="pt-cv-page" data-cvc="3"><div class="col-md-4 col-sm-6 col-xs-12 pt-cv-content-item pt-cv-1-col" ><div class='pt-cv-ifield'><a href="https://sites.ecclesia.pt/maac/2023/11/06/vaticano-jovem-portugues-tomas-adrego-participa-em-encontro-mundial-com-o-papa/" class="_self pt-cv-href-thumbnail pt-cv-thumb-default" target="_self" ><img loading="lazy" decoding="async" width="400" height="284" src="https://sites.ecclesia.pt/maac/wp-content/uploads/2023/11/Tomas-vaticano-400x284.jpg" class="pt-cv-thumbnail" alt="" /></a>
<h4 class="pt-cv-title"><a href="https://sites.ecclesia.pt/maac/2023/11/06/vaticano-jovem-portugues-tomas-adrego-participa-em-encontro-mundial-com-o-papa/" class="_self" target="_self" >Vaticano: Jovem português Tomás Adrego participa em encontro mundial com o Papa</a></h4></div></div>
<div class="col-md-4 col-sm-6 col-xs-12 pt-cv-content-item pt-cv-1-col" ><div class='pt-cv-ifield'><a href="https://sites.ecclesia.pt/maac/2023/11/06/tomas-adrego-de-12-anos-e-escolhido-para-conhecer-o-papa-francisco-num-encontro-de-criancas-no-vaticano/" class="_self pt-cv-href-thumbnail pt-cv-thumb-default" target="_self" ><img loading="lazy" decoding="async" width="400" height="284" src="https://sites.ecclesia.pt/maac/wp-content/uploads/2023/11/Tomas-Adrego-400x284.jpg" class="pt-cv-thumbnail" alt="" /></a>
<h4 class="pt-cv-title"><a href="https://sites.ecclesia.pt/maac/2023/11/06/tomas-adrego-de-12-anos-e-escolhido-para-conhecer-o-papa-francisco-num-encontro-de-criancas-no-vaticano/" class="_self" target="_self" >Tomás Adrego de 12 anos é escolhido para conhecer o Papa Francisco num encontro de crianças no Vaticano</a></h4></div></div>
<div class="col-md-4 col-sm-6 col-xs-12 pt-cv-content-item pt-cv-1-col" ><div class='pt-cv-ifield'><a href="https://sites.ecclesia.pt/maac/2020/12/08/xvii-assembleia-nacional-maac/" class="_self pt-cv-href-thumbnail pt-cv-thumb-default" target="_self" ><img loading="lazy" decoding="async" width="400" height="284" src="https://sites.ecclesia.pt/maac/wp-content/uploads/2020/12/AssNacMAAC-2020-400x284.jpg" class="pt-cv-thumbnail" alt="" /></a>
<h4 class="pt-cv-title"><a href="https://sites.ecclesia.pt/maac/2020/12/08/xvii-assembleia-nacional-maac/" class="_self" target="_self" >XVII Assembleia Nacional MAAC</a></h4></div></div></div></div></div>[/et_pb_code][/et_pb_column][/et_pb_row][/et_pb_section]</p>

<p><div id="metaslider-id-114" style="width: 100%;" class="ml-slider-3-108-0 metaslider metaslider-nivo metaslider-114 ml-slider ms-theme-default" role="region" aria-label="entrada" data-height="600" data-width="1900">
    <div id="metaslider_container_114">
        <div class='slider-wrapper theme-default'><div class='ribbon'></div><div id='metaslider_114' class='nivoSlider'><img loading="lazy" decoding="async" src="https://sites.ecclesia.pt/maac/wp-content/uploads/2020/01/banner44.jpg" height="600" width="1900" title="banner44" alt="" class="slider-114 slide-125 msDefaultImage" /><img loading="lazy" decoding="async" src="https://sites.ecclesia.pt/maac/wp-content/uploads/2020/01/banner55.jpg" height="600" width="1900" title="banner55" alt="" class="slider-114 slide-126 msDefaultImage" /><img loading="lazy" decoding="async" src="https://sites.ecclesia.pt/maac/wp-content/uploads/2020/01/banner66.jpg" height="600" width="1900" title="banner66" alt="" class="slider-114 slide-127 msDefaultImage" /><img loading="lazy" decoding="async" src="https://sites.ecclesia.pt/maac/wp-content/uploads/2020/01/banner77.jpg" height="600" width="1900" title="banner77" alt="" class="slider-114 slide-128 msDefaultImage" /><img loading="lazy" decoding="async" src="https://sites.ecclesia.pt/maac/wp-content/uploads/2020/01/banner88.jpg" height="600" width="1900" title="banner88" alt="" class="slider-114 slide-129 msDefaultImage" /><img loading="lazy" decoding="async" src="https://sites.ecclesia.pt/maac/wp-content/uploads/2020/01/banner99.jpg" height="600" width="1900" title="banner99" alt="" class="slider-114 slide-130 msDefaultImage" /><img loading="lazy" decoding="async" src="https://sites.ecclesia.pt/maac/wp-content/uploads/2020/01/banner1010.jpg" height="600" width="1900" title="banner1010" alt="" class="slider-114 slide-131 msDefaultImage" /><img loading="lazy" decoding="async" src="https://sites.ecclesia.pt/maac/wp-content/uploads/2020/01/banner11.jpg" height="600" width="1900" title="banner11" alt="" class="slider-114 slide-132 msDefaultImage" /><img loading="lazy" decoding="async" src="https://sites.ecclesia.pt/maac/wp-content/uploads/2020/01/banner22.jpg" height="600" width="1900" title="banner22" alt="" class="slider-114 slide-133 msDefaultImage" /><img loading="lazy" decoding="async" src="https://sites.ecclesia.pt/maac/wp-content/uploads/2020/01/banner33.jpg" height="600" width="1900" title="banner33" alt="" class="slider-114 slide-134 msDefaultImage" /></div></div>
        
    </div>
</div><div class="pt-cv-wrapper et_smooth_scroll_disabled"><div class="pt-cv-view pt-cv-grid pt-cv-colsys" id="pt-cv-view-7416683q53"><div data-id="pt-cv-page-1" class="pt-cv-page" data-cvc="3"><div class="col-md-4 col-sm-6 col-xs-12 pt-cv-content-item pt-cv-1-col" ><div class='pt-cv-ifield'><a href="https://sites.ecclesia.pt/maac/2023/11/06/vaticano-jovem-portugues-tomas-adrego-participa-em-encontro-mundial-com-o-papa/" class="_self pt-cv-href-thumbnail pt-cv-thumb-default" target="_self" ><img width="400" height="284" src="https://sites.ecclesia.pt/maac/wp-content/uploads/2023/11/Tomas-vaticano-400x284.jpg" class="pt-cv-thumbnail" alt="" decoding="async" loading="lazy" /></a>
<h4 class="pt-cv-title"><a href="https://sites.ecclesia.pt/maac/2023/11/06/vaticano-jovem-portugues-tomas-adrego-participa-em-encontro-mundial-com-o-papa/" class="_self" target="_self" >Vaticano: Jovem português Tomás Adrego participa em encontro mundial com o Papa</a></h4></div></div>
<div class="col-md-4 col-sm-6 col-xs-12 pt-cv-content-item pt-cv-1-col" ><div class='pt-cv-ifield'><a href="https://sites.ecclesia.pt/maac/2023/11/06/tomas-adrego-de-12-anos-e-escolhido-para-conhecer-o-papa-francisco-num-encontro-de-criancas-no-vaticano/" class="_self pt-cv-href-thumbnail pt-cv-thumb-default" target="_self" ><img width="400" height="284" src="https://sites.ecclesia.pt/maac/wp-content/uploads/2023/11/Tomas-Adrego-400x284.jpg" class="pt-cv-thumbnail" alt="" decoding="async" loading="lazy" /></a>
<h4 class="pt-cv-title"><a href="https://sites.ecclesia.pt/maac/2023/11/06/tomas-adrego-de-12-anos-e-escolhido-para-conhecer-o-papa-francisco-num-encontro-de-criancas-no-vaticano/" class="_self" target="_self" >Tomás Adrego de 12 anos é escolhido para conhecer o Papa Francisco num encontro de crianças no Vaticano</a></h4></div></div>
<div class="col-md-4 col-sm-6 col-xs-12 pt-cv-content-item pt-cv-1-col" ><div class='pt-cv-ifield'><a href="https://sites.ecclesia.pt/maac/2020/12/08/xvii-assembleia-nacional-maac/" class="_self pt-cv-href-thumbnail pt-cv-thumb-default" target="_self" ><img width="400" height="284" src="https://sites.ecclesia.pt/maac/wp-content/uploads/2020/12/AssNacMAAC-2020-400x284.jpg" class="pt-cv-thumbnail" alt="" decoding="async" loading="lazy" /></a>
<h4 class="pt-cv-title"><a href="https://sites.ecclesia.pt/maac/2020/12/08/xvii-assembleia-nacional-maac/" class="_self" target="_self" >XVII Assembleia Nacional MAAC</a></h4></div></div></div></div></div></p>
