{"id":1223,"date":"2015-03-02T02:03:19","date_gmt":"2015-03-02T02:03:19","guid":{"rendered":"http:\/\/www.portal.ecclesia.pt\/ocpm\/v2\/?page_id=1223"},"modified":"2019-07-25T11:33:47","modified_gmt":"2019-07-25T11:33:47","slug":"1223-2","status":"publish","type":"page","link":"https:\/\/sites.ecclesia.pt\/ocpm\/","title":{"rendered":"entrada"},"content":{"rendered":"<p>[et_pb_section bb_built=&#8221;1&#8243; fullwidth=&#8221;on&#8221; specialty=&#8221;off&#8221; next_background_color=&#8221;#000000&#8243; inner_width=&#8221;auto&#8221; inner_max_width=&#8221;none&#8221;][et_pb_fullwidth_code]<div id=\"metaslider-id-1811\" style=\"width: 100%;\" class=\"ml-slider-3-105-0 metaslider metaslider-nivo metaslider-1811 ml-slider ms-theme-default\" role=\"region\" aria-label=\"New Slider\" data-height=\"450\" data-width=\"1900\">\n    <div id=\"metaslider_container_1811\">\n        <div class='slider-wrapper theme-default'><div class='ribbon'><\/div><div id='metaslider_1811' class='nivoSlider'><img loading=\"lazy\" decoding=\"async\" src=\"https:\/\/sites.ecclesia.pt\/ocpm\/wp-content\/uploads\/banner-07-1900x450.jpg\" height=\"450\" width=\"1900\" alt=\"\" class=\"slider-1811 slide-1803 msDefaultImage\" \/><img loading=\"lazy\" decoding=\"async\" src=\"https:\/\/sites.ecclesia.pt\/ocpm\/wp-content\/uploads\/banner-09-1280x303.jpg\" height=\"450\" width=\"1900\" alt=\"\" class=\"slider-1811 slide-1805 msDefaultImage\" \/><img loading=\"lazy\" decoding=\"async\" src=\"https:\/\/sites.ecclesia.pt\/ocpm\/wp-content\/uploads\/banner-08-1900x450.jpg\" height=\"450\" width=\"1900\" alt=\"\" class=\"slider-1811 slide-1804 msDefaultImage\" \/><img loading=\"lazy\" decoding=\"async\" src=\"https:\/\/sites.ecclesia.pt\/ocpm\/wp-content\/uploads\/banner-12-1764x417.jpg\" height=\"450\" width=\"1900\" alt=\"\" class=\"slider-1811 slide-1808 msDefaultImage\" \/><img loading=\"lazy\" decoding=\"async\" src=\"https:\/\/sites.ecclesia.pt\/ocpm\/wp-content\/uploads\/banner-14-1600x378.jpg\" height=\"450\" width=\"1900\" alt=\"\" class=\"slider-1811 slide-1810 msDefaultImage\" \/><img loading=\"lazy\" decoding=\"async\" src=\"https:\/\/sites.ecclesia.pt\/ocpm\/wp-content\/uploads\/banner-10-1370x324.jpg\" height=\"450\" width=\"1900\" alt=\"\" class=\"slider-1811 slide-1806 msDefaultImage\" \/><img loading=\"lazy\" decoding=\"async\" src=\"https:\/\/sites.ecclesia.pt\/ocpm\/wp-content\/uploads\/banner-01-1280x303.jpg\" height=\"450\" width=\"1900\" alt=\"\" class=\"slider-1811 slide-1797 msDefaultImage\" \/><\/div><\/div>\n        \n    <\/div>\n<\/div>[\/et_pb_fullwidth_code][\/et_pb_section][et_pb_section bb_built=&#8221;1&#8243; fullwidth=&#8221;off&#8221; specialty=&#8221;off&#8221; prev_background_color=&#8221;#000000&#8243; next_background_color=&#8221;#dd890b&#8221; inner_width=&#8221;auto&#8221; inner_max_width=&#8221;none&#8221;][et_pb_row background_position=&#8221;top_left&#8221; background_repeat=&#8221;repeat&#8221; background_size=&#8221;initial&#8221; _builder_version=&#8221;3.23.2&#8243; make_equal=&#8221;on&#8221; z_index_tablet=&#8221;500&#8243; width_phone=&#8221;50px&#8221; max_width_phone=&#8221;1280px&#8221; box_shadow_horizontal_tablet=&#8221;0px&#8221; box_shadow_vertical_tablet=&#8221;0px&#8221; box_shadow_blur_tablet=&#8221;40px&#8221; box_shadow_spread_tablet=&#8221;0px&#8221;][et_pb_column type=&#8221;4_4&#8243;][et_pb_blog admin_label=&#8221;ultimas&#8221; fullwidth=&#8221;off&#8221; posts_number=&#8221;3&#8243; include_categories=&#8221;12,18,5,17,6,20,19,4,15,13,14,22,9,21,3,7,1,24,10&#8243; show_more=&#8221;on&#8221; show_author=&#8221;off&#8221; show_categories=&#8221;off&#8221; show_pagination=&#8221;off&#8221; use_dropshadow=&#8221;off&#8221; use_border_color=&#8221;off&#8221; border_color=&#8221;#ffffff&#8221; border_style=&#8221;solid&#8221; _builder_version=&#8221;3.23.2&#8243; box_shadow_horizontal_image_tablet=&#8221;0px&#8221; box_shadow_vertical_image_tablet=&#8221;0px&#8221; box_shadow_blur_image_tablet=&#8221;40px&#8221; box_shadow_spread_image_tablet=&#8221;0px&#8221; text_shadow_horizontal_length=&#8221;text_shadow_style,%91object Object%93&#8243; text_shadow_horizontal_length_tablet=&#8221;0px&#8221; text_shadow_vertical_length=&#8221;text_shadow_style,%91object Object%93&#8243; text_shadow_vertical_length_tablet=&#8221;0px&#8221; text_shadow_blur_strength=&#8221;text_shadow_style,%91object Object%93&#8243; text_shadow_blur_strength_tablet=&#8221;1px&#8221; header_text_shadow_horizontal_length=&#8221;header_text_shadow_style,%91object Object%93&#8243; header_text_shadow_horizontal_length_tablet=&#8221;0px&#8221; header_text_shadow_vertical_length=&#8221;header_text_shadow_style,%91object Object%93&#8243; header_text_shadow_vertical_length_tablet=&#8221;0px&#8221; header_text_shadow_blur_strength=&#8221;header_text_shadow_style,%91object Object%93&#8243; header_text_shadow_blur_strength_tablet=&#8221;1px&#8221; body_text_shadow_horizontal_length=&#8221;body_text_shadow_style,%91object Object%93&#8243; body_text_shadow_horizontal_length_tablet=&#8221;0px&#8221; body_text_shadow_vertical_length=&#8221;body_text_shadow_style,%91object Object%93&#8243; body_text_shadow_vertical_length_tablet=&#8221;0px&#8221; body_text_shadow_blur_strength=&#8221;body_text_shadow_style,%91object Object%93&#8243; body_text_shadow_blur_strength_tablet=&#8221;1px&#8221; body_link_text_shadow_horizontal_length=&#8221;body_link_text_shadow_style,%91object Object%93&#8243; body_link_text_shadow_horizontal_length_tablet=&#8221;0px&#8221; body_link_text_shadow_vertical_length=&#8221;body_link_text_shadow_style,%91object Object%93&#8243; body_link_text_shadow_vertical_length_tablet=&#8221;0px&#8221; body_link_text_shadow_blur_strength=&#8221;body_link_text_shadow_style,%91object Object%93&#8243; body_link_text_shadow_blur_strength_tablet=&#8221;1px&#8221; body_ul_text_shadow_horizontal_length=&#8221;body_ul_text_shadow_style,%91object Object%93&#8243; body_ul_text_shadow_horizontal_length_tablet=&#8221;0px&#8221; body_ul_text_shadow_vertical_length=&#8221;body_ul_text_shadow_style,%91object Object%93&#8243; body_ul_text_shadow_vertical_length_tablet=&#8221;0px&#8221; body_ul_text_shadow_blur_strength=&#8221;body_ul_text_shadow_style,%91object Object%93&#8243; body_ul_text_shadow_blur_strength_tablet=&#8221;1px&#8221; body_ol_text_shadow_horizontal_length=&#8221;body_ol_text_shadow_style,%91object Object%93&#8243; body_ol_text_shadow_horizontal_length_tablet=&#8221;0px&#8221; body_ol_text_shadow_vertical_length=&#8221;body_ol_text_shadow_style,%91object Object%93&#8243; body_ol_text_shadow_vertical_length_tablet=&#8221;0px&#8221; body_ol_text_shadow_blur_strength=&#8221;body_ol_text_shadow_style,%91object Object%93&#8243; body_ol_text_shadow_blur_strength_tablet=&#8221;1px&#8221; body_quote_text_shadow_horizontal_length=&#8221;body_quote_text_shadow_style,%91object Object%93&#8243; body_quote_text_shadow_horizontal_length_tablet=&#8221;0px&#8221; body_quote_text_shadow_vertical_length=&#8221;body_quote_text_shadow_style,%91object Object%93&#8243; body_quote_text_shadow_vertical_length_tablet=&#8221;0px&#8221; body_quote_text_shadow_blur_strength=&#8221;body_quote_text_shadow_style,%91object Object%93&#8243; body_quote_text_shadow_blur_strength_tablet=&#8221;1px&#8221; meta_text_shadow_horizontal_length=&#8221;meta_text_shadow_style,%91object Object%93&#8243; meta_text_shadow_horizontal_length_tablet=&#8221;0px&#8221; meta_text_shadow_vertical_length=&#8221;meta_text_shadow_style,%91object Object%93&#8243; meta_text_shadow_vertical_length_tablet=&#8221;0px&#8221; meta_text_shadow_blur_strength=&#8221;meta_text_shadow_style,%91object Object%93&#8243; meta_text_shadow_blur_strength_tablet=&#8221;1px&#8221; read_more_text_shadow_horizontal_length=&#8221;read_more_text_shadow_style,%91object Object%93&#8243; read_more_text_shadow_horizontal_length_tablet=&#8221;0px&#8221; read_more_text_shadow_vertical_length=&#8221;read_more_text_shadow_style,%91object Object%93&#8243; read_more_text_shadow_vertical_length_tablet=&#8221;0px&#8221; read_more_text_shadow_blur_strength=&#8221;read_more_text_shadow_style,%91object Object%93&#8243; read_more_text_shadow_blur_strength_tablet=&#8221;1px&#8221; pagination_text_shadow_horizontal_length=&#8221;pagination_text_shadow_style,%91object Object%93&#8243; pagination_text_shadow_horizontal_length_tablet=&#8221;0px&#8221; pagination_text_shadow_vertical_length=&#8221;pagination_text_shadow_style,%91object Object%93&#8243; pagination_text_shadow_vertical_length_tablet=&#8221;0px&#8221; pagination_text_shadow_blur_strength=&#8221;pagination_text_shadow_style,%91object Object%93&#8243; pagination_text_shadow_blur_strength_tablet=&#8221;1px&#8221; box_shadow_horizontal_tablet=&#8221;0px&#8221; box_shadow_vertical_tablet=&#8221;0px&#8221; box_shadow_blur_tablet=&#8221;40px&#8221; box_shadow_spread_tablet=&#8221;0px&#8221; z_index_tablet=&#8221;500&#8243;]<\/p>\n<p>[\/et_pb_blog][\/et_pb_column][\/et_pb_row][\/et_pb_section][et_pb_section bb_built=&#8221;1&#8243; fullwidth=&#8221;off&#8221; specialty=&#8221;off&#8221; transparent_background=&#8221;off&#8221; background_color=&#8221;#dd890b&#8221; allow_player_pause=&#8221;off&#8221; inner_shadow=&#8221;off&#8221; parallax=&#8221;off&#8221; parallax_method=&#8221;off&#8221; padding_mobile=&#8221;off&#8221; make_fullwidth=&#8221;off&#8221; use_custom_width=&#8221;off&#8221; width_unit=&#8221;on&#8221; make_equal=&#8221;off&#8221; use_custom_gutter=&#8221;off&#8221; custom_padding_tablet=&#8221;50px|0|50px|0&#8243; custom_padding_last_edited=&#8221;on|desktop&#8221; prev_background_color=&#8221;#FFFFFF&#8221; next_background_color=&#8221;#ffffff&#8221; inner_width=&#8221;auto&#8221; inner_max_width=&#8221;none&#8221;][et_pb_row background_position=&#8221;top_left&#8221; background_repeat=&#8221;repeat&#8221; background_size=&#8221;initial&#8221; width=&#8221;80%&#8221; max_width=&#8221;1080px&#8221;][et_pb_column type=&#8221;1_4&#8243;][et_pb_blurb admin_label=&#8221;comiss\u00e3o episcopal&#8221; title=&#8221;Pastoral Social e Mobilidade Humana&#8221; url_new_window=&#8221;off&#8221; use_icon=&#8221;off&#8221; icon_color=&#8221;#7EBEC5&#8243; use_circle=&#8221;off&#8221; circle_color=&#8221;#7EBEC5&#8243; use_circle_border=&#8221;off&#8221; circle_border_color=&#8221;#7EBEC5&#8243; icon_placement=&#8221;top&#8221; animation=&#8221;left&#8221; background_layout=&#8221;dark&#8221; text_orientation=&#8221;center&#8221; use_icon_font_size=&#8221;off&#8221; use_border_color=&#8221;off&#8221; border_color=&#8221;#ffffff&#8221; border_style=&#8221;solid&#8221; image=&#8221;https:\/\/sites.ecclesia.pt\/ocpm\/wp-content\/uploads\/cep_peqs.png&#8221; url=&#8221;http:\/\/www.conferenciaepiscopal.pt\/v1\/2014\/07\/20\/pastoral-social-e-mobilidade-humana\/&#8221; background_position=&#8221;top_left&#8221; background_repeat=&#8221;repeat&#8221; background_size=&#8221;initial&#8221; image_max_width=&#8221;none&#8221;]<\/p>\n<p style=\"text-align: center;\"><em>Comiss\u00e3o Episcopal<\/em><\/p>\n<p>[\/et_pb_blurb][\/et_pb_column][et_pb_column type=&#8221;1_4&#8243;][et_pb_blurb admin_label=&#8221;Pontes&#8221; title=&#8221;Pontes&#8221; url_new_window=&#8221;off&#8221; use_icon=&#8221;off&#8221; icon_color=&#8221;#7EBEC5&#8243; use_circle=&#8221;off&#8221; circle_color=&#8221;#7EBEC5&#8243; use_circle_border=&#8221;off&#8221; circle_border_color=&#8221;#7EBEC5&#8243; icon_placement=&#8221;top&#8221; animation=&#8221;top&#8221; background_layout=&#8221;dark&#8221; text_orientation=&#8221;center&#8221; use_icon_font_size=&#8221;off&#8221; use_border_color=&#8221;off&#8221; border_color=&#8221;#ffffff&#8221; border_style=&#8221;solid&#8221; image=&#8221;https:\/\/sites.ecclesia.pt\/ocpm\/wp-content\/uploads\/pontes_peqs.png&#8221; url=&#8221;http:\/\/www.portal.ecclesia.pt\/ocpm\/v2\/?s=pontes&#8221; background_position=&#8221;top_left&#8221; background_repeat=&#8221;repeat&#8221; background_size=&#8221;initial&#8221; image_max_width=&#8221;none&#8221;]<\/p>\n<p style=\"text-align: center;\"><em>Boletim informativo da OCPM<\/em><\/p>\n<p>[\/et_pb_blurb][\/et_pb_column][et_pb_column type=&#8221;1_4&#8243;][et_pb_blurb admin_label=&#8221;Pastoral dos ciganos&#8221; title=&#8221;ONPC&#8221; url_new_window=&#8221;off&#8221; use_icon=&#8221;off&#8221; icon_color=&#8221;#7EBEC5&#8243; use_circle=&#8221;off&#8221; circle_color=&#8221;#7EBEC5&#8243; use_circle_border=&#8221;off&#8221; circle_border_color=&#8221;#7EBEC5&#8243; icon_placement=&#8221;top&#8221; animation=&#8221;top&#8221; background_layout=&#8221;dark&#8221; text_orientation=&#8221;center&#8221; use_icon_font_size=&#8221;off&#8221; use_border_color=&#8221;off&#8221; border_color=&#8221;#ffffff&#8221; border_style=&#8221;solid&#8221; image=&#8221;https:\/\/sites.ecclesia.pt\/ocpm\/wp-content\/uploads\/ciganos_peqs.png&#8221; url=&#8221;http:\/\/www.ecclesia.pt\/pnciganos\/&#8221; alt=&#8221;ONPC&#8221; background_position=&#8221;top_left&#8221; background_repeat=&#8221;repeat&#8221; background_size=&#8221;initial&#8221; image_max_width=&#8221;none&#8221;]<\/p>\n<p style=\"text-align: center;\"><em>Obra Nacional da Pastoral dos Ciganos<\/em><\/p>\n<p>[\/et_pb_blurb][\/et_pb_column][et_pb_column type=&#8221;1_4&#8243;][et_pb_blurb admin_label=&#8221;Pastoral do turismo&#8221; title=&#8221;ONPT&#8221; url_new_window=&#8221;off&#8221; use_icon=&#8221;off&#8221; icon_color=&#8221;#7EBEC5&#8243; use_circle=&#8221;off&#8221; circle_color=&#8221;#7EBEC5&#8243; use_circle_border=&#8221;off&#8221; circle_border_color=&#8221;#7EBEC5&#8243; icon_placement=&#8221;top&#8221; animation=&#8221;top&#8221; background_layout=&#8221;dark&#8221; text_orientation=&#8221;center&#8221; use_icon_font_size=&#8221;off&#8221; use_border_color=&#8221;off&#8221; border_color=&#8221;#ffffff&#8221; border_style=&#8221;solid&#8221; image=&#8221;https:\/\/sites.ecclesia.pt\/ocpm\/wp-content\/uploads\/turismo_peqs.png&#8221; url=&#8221;http:\/\/www.pastoraldoturismo.pt\/&#8221; alt=&#8221;ONPC&#8221; background_position=&#8221;top_left&#8221; background_repeat=&#8221;repeat&#8221; background_size=&#8221;initial&#8221; image_max_width=&#8221;none&#8221;]<\/p>\n<p style=\"text-align: center;\"><em>Obra Nacional da Pastoral do Turismo<\/em><\/p>\n<p>[\/et_pb_blurb][\/et_pb_column][\/et_pb_row][et_pb_row background_position=&#8221;top_left&#8221; background_repeat=&#8221;repeat&#8221; background_size=&#8221;initial&#8221; width=&#8221;80%&#8221; max_width=&#8221;1080px&#8221;][et_pb_column type=&#8221;1_4&#8243;][et_pb_blurb admin_label=&#8221;Apostolado do mar&#8221; title=&#8221;Apostolado do mar (Vaticano)&#8221; url_new_window=&#8221;off&#8221; use_icon=&#8221;off&#8221; icon_color=&#8221;#7EBEC5&#8243; use_circle=&#8221;off&#8221; circle_color=&#8221;#7EBEC5&#8243; use_circle_border=&#8221;off&#8221; circle_border_color=&#8221;#7EBEC5&#8243; icon_placement=&#8221;top&#8221; animation=&#8221;right&#8221; background_layout=&#8221;dark&#8221; text_orientation=&#8221;center&#8221; use_icon_font_size=&#8221;off&#8221; use_border_color=&#8221;off&#8221; border_color=&#8221;#ffffff&#8221; border_style=&#8221;solid&#8221; image=&#8221;https:\/\/sites.ecclesia.pt\/ocpm\/wp-content\/uploads\/apostolado_mar_peqs.png&#8221; url=&#8221;http:\/\/www.vatican.va\/roman_curia\/pontifical_councils\/migrants\/s_index_seafarers\/rc_pc_migrants_sectionseafarers_po.htm&#8221; alt=&#8221;Apostolado do Mar&#8221; background_position=&#8221;top_left&#8221; background_repeat=&#8221;repeat&#8221; background_size=&#8221;initial&#8221; image_max_width=&#8221;none&#8221;]<\/p>\n<p>[\/et_pb_blurb][\/et_pb_column][et_pb_column type=&#8221;1_4&#8243;][et_pb_blurb admin_label=&#8221;Plataforma de Apoio aos Refugiados&#8221; title=&#8221;PAR&#8221; url_new_window=&#8221;off&#8221; use_icon=&#8221;off&#8221; icon_color=&#8221;#7EBEC5&#8243; use_circle=&#8221;off&#8221; circle_color=&#8221;#7EBEC5&#8243; use_circle_border=&#8221;off&#8221; circle_border_color=&#8221;#7EBEC5&#8243; icon_placement=&#8221;top&#8221; animation=&#8221;top&#8221; background_layout=&#8221;dark&#8221; text_orientation=&#8221;center&#8221; use_icon_font_size=&#8221;off&#8221; use_border_color=&#8221;off&#8221; border_color=&#8221;#ffffff&#8221; border_style=&#8221;solid&#8221; image=&#8221;https:\/\/sites.ecclesia.pt\/ocpm\/wp-content\/uploads\/refugiados_peqs-1.png&#8221; url=&#8221;http:\/\/www.refugiados.pt&#8221; alt=&#8221;Plataforma de Apoio aos Refugiados&#8221; background_position=&#8221;top_left&#8221; background_repeat=&#8221;repeat&#8221; background_size=&#8221;initial&#8221; image_max_width=&#8221;none&#8221;]<\/p>\n<p style=\"text-align: center;\"><em>Plataforma de Apoio aos Refugiados<\/em><\/p>\n<p>[\/et_pb_blurb][\/et_pb_column][et_pb_column type=&#8221;1_4&#8243;][et_pb_blurb admin_label=&#8221;informa\u00e7\u00f5es&#8221; title=&#8221;Informa\u00e7\u00f5es&#8221; url_new_window=&#8221;off&#8221; use_icon=&#8221;off&#8221; icon_color=&#8221;#ffffff&#8221; use_circle=&#8221;on&#8221; circle_color=&#8221;#7EBEC5&#8243; use_circle_border=&#8221;off&#8221; circle_border_color=&#8221;#7EBEC5&#8243; icon_placement=&#8221;top&#8221; animation=&#8221;top&#8221; background_layout=&#8221;dark&#8221; text_orientation=&#8221;center&#8221; use_icon_font_size=&#8221;off&#8221; use_border_color=&#8221;off&#8221; border_color=&#8221;#ffffff&#8221; border_style=&#8221;solid&#8221; font_icon=&#8221;%%72%%&#8221; url=&#8221;#&#8221; image=&#8221;https:\/\/sites.ecclesia.pt\/ocpm\/wp-content\/uploads\/informacoes_peqs-1.png&#8221; background_position=&#8221;top_left&#8221; background_repeat=&#8221;repeat&#8221; background_size=&#8221;initial&#8221; image_max_width=&#8221;none&#8221;]<\/p>\n<p>[\/et_pb_blurb][\/et_pb_column][et_pb_column type=&#8221;1_4&#8243;][\/et_pb_column][\/et_pb_row][\/et_pb_section][et_pb_section bb_built=&#8221;1&#8243; fullwidth=&#8221;off&#8221; specialty=&#8221;off&#8221; transparent_background=&#8221;off&#8221; background_color=&#8221;#ffffff&#8221; allow_player_pause=&#8221;off&#8221; inner_shadow=&#8221;off&#8221; parallax=&#8221;off&#8221; parallax_method=&#8221;off&#8221; padding_mobile=&#8221;off&#8221; make_fullwidth=&#8221;off&#8221; use_custom_width=&#8221;off&#8221; width_unit=&#8221;on&#8221; make_equal=&#8221;off&#8221; use_custom_gutter=&#8221;off&#8221; custom_padding_tablet=&#8221;50px|0|50px|0&#8243; custom_padding_last_edited=&#8221;on|desktop&#8221; prev_background_color=&#8221;#dd890b&#8221; inner_width=&#8221;auto&#8221; inner_max_width=&#8221;none&#8221;][et_pb_row background_position=&#8221;top_left&#8221; background_repeat=&#8221;repeat&#8221; background_size=&#8221;initial&#8221; width=&#8221;80%&#8221; max_width=&#8221;1080px&#8221;][et_pb_column type=&#8221;4_4&#8243;][et_pb_testimonial author=&#8221;Mensagem para a 43\u00aa Semana Nacional de Migra\u00e7\u00f5es&#8221; url_new_window=&#8221;off&#8221; quote_icon=&#8221;on&#8221; use_background_color=&#8221;on&#8221; background_color=&#8221;#ffffff&#8221; background_layout=&#8221;light&#8221; text_orientation=&#8221;center&#8221; use_border_color=&#8221;off&#8221; border_color=&#8221;#ffffff&#8221; border_style=&#8221;solid&#8221; background_position=&#8221;top_left&#8221; background_repeat=&#8221;repeat&#8221; background_size=&#8221;initial&#8221; border_radii_portrait=&#8221;on|90px|90px|90px|90px&#8221;]<\/p>\n<h3>Somos por defini\u00e7\u00e3o uma\u00a0Igreja aberta ao mundo, por isso sem fronteiras. Somos um s\u00f3 corpo composto por diversos membros, onde Jesus Cristo \u00e9 o Evangelho em pessoa e o evangelizador por excel\u00eancia, como nos recorda o Papa Francisco na sua mensagem deste ano para a jornada do migrante e do refugiado.<\/h3>\n<p>[\/et_pb_testimonial][\/et_pb_column][\/et_pb_row][\/et_pb_section]<\/p>\n","protected":false},"excerpt":{"rendered":"<p><div id=\"metaslider-id-1811\" style=\"width: 100%;\" class=\"ml-slider-3-105-0 metaslider metaslider-nivo metaslider-1811 ml-slider ms-theme-default\" role=\"region\" aria-label=\"New Slider\" data-height=\"450\" data-width=\"1900\">\n    <div id=\"metaslider_container_1811\">\n        <div class='slider-wrapper theme-default'><div class='ribbon'><\/div><div id='metaslider_1811' class='nivoSlider'><img loading=\"lazy\" decoding=\"async\" src=\"https:\/\/sites.ecclesia.pt\/ocpm\/wp-content\/uploads\/banner-14-1600x378.jpg\" height=\"450\" width=\"1900\" alt=\"\" class=\"slider-1811 slide-1810 msDefaultImage\" \/><img loading=\"lazy\" decoding=\"async\" src=\"https:\/\/sites.ecclesia.pt\/ocpm\/wp-content\/uploads\/banner-01-1280x303.jpg\" height=\"450\" width=\"1900\" alt=\"\" class=\"slider-1811 slide-1797 msDefaultImage\" \/><img loading=\"lazy\" decoding=\"async\" src=\"https:\/\/sites.ecclesia.pt\/ocpm\/wp-content\/uploads\/banner-07-1900x450.jpg\" height=\"450\" width=\"1900\" alt=\"\" class=\"slider-1811 slide-1803 msDefaultImage\" \/><img loading=\"lazy\" decoding=\"async\" src=\"https:\/\/sites.ecclesia.pt\/ocpm\/wp-content\/uploads\/banner-08-1900x450.jpg\" height=\"450\" width=\"1900\" alt=\"\" class=\"slider-1811 slide-1804 msDefaultImage\" \/><img loading=\"lazy\" decoding=\"async\" src=\"https:\/\/sites.ecclesia.pt\/ocpm\/wp-content\/uploads\/banner-12-1764x417.jpg\" height=\"450\" width=\"1900\" alt=\"\" class=\"slider-1811 slide-1808 msDefaultImage\" \/><img loading=\"lazy\" decoding=\"async\" src=\"https:\/\/sites.ecclesia.pt\/ocpm\/wp-content\/uploads\/banner-09-1280x303.jpg\" height=\"450\" width=\"1900\" alt=\"\" class=\"slider-1811 slide-1805 msDefaultImage\" \/><img loading=\"lazy\" decoding=\"async\" src=\"https:\/\/sites.ecclesia.pt\/ocpm\/wp-content\/uploads\/banner-10-1370x324.jpg\" height=\"450\" width=\"1900\" alt=\"\" class=\"slider-1811 slide-1806 msDefaultImage\" \/><\/div><\/div>\n        \n    <\/div>\n<\/div> Comiss\u00e3o Episcopal Boletim informativo da OCPM Obra Nacional da Pastoral dos Ciganos Obra Nacional da Pastoral do Turismo Plataforma de Apoio aos Refugiados Somos por defini\u00e7\u00e3o uma\u00a0Igreja aberta ao mundo, por isso sem fronteiras. Somos um s\u00f3 corpo composto por diversos membros, onde Jesus Cristo \u00e9 o Evangelho em pessoa e o evangelizador [&hellip;]<\/p>\n","protected":false},"author":1,"featured_media":3371,"parent":0,"menu_order":0,"comment_status":"open","ping_status":"open","template":"","meta":{"_et_pb_use_builder":"on","_et_pb_old_content":"","_et_gb_content_width":"","footnotes":""},"class_list":["post-1223","page","type-page","status-publish","has-post-thumbnail","hentry"],"_links":{"self":[{"href":"https:\/\/sites.ecclesia.pt\/ocpm\/wp-json\/wp\/v2\/pages\/1223","targetHints":{"allow":["GET"]}}],"collection":[{"href":"https:\/\/sites.ecclesia.pt\/ocpm\/wp-json\/wp\/v2\/pages"}],"about":[{"href":"https:\/\/sites.ecclesia.pt\/ocpm\/wp-json\/wp\/v2\/types\/page"}],"author":[{"embeddable":true,"href":"https:\/\/sites.ecclesia.pt\/ocpm\/wp-json\/wp\/v2\/users\/1"}],"replies":[{"embeddable":true,"href":"https:\/\/sites.ecclesia.pt\/ocpm\/wp-json\/wp\/v2\/comments?post=1223"}],"version-history":[{"count":70,"href":"https:\/\/sites.ecclesia.pt\/ocpm\/wp-json\/wp\/v2\/pages\/1223\/revisions"}],"predecessor-version":[{"id":3839,"href":"https:\/\/sites.ecclesia.pt\/ocpm\/wp-json\/wp\/v2\/pages\/1223\/revisions\/3839"}],"wp:featuredmedia":[{"embeddable":true,"href":"https:\/\/sites.ecclesia.pt\/ocpm\/wp-json\/wp\/v2\/media\/3371"}],"wp:attachment":[{"href":"https:\/\/sites.ecclesia.pt\/ocpm\/wp-json\/wp\/v2\/media?parent=1223"}],"curies":[{"name":"wp","href":"https:\/\/api.w.org\/{rel}","templated":true}]}}